 4) in base 9?
-657
What is 44414 (base 5) in base 3?
11021011
2118 (base 10) to base 2
100001000110
What is -2112020 (base 3) in base 2?
-11100110010
-105402 (base 9) to base 2
-1111011000101100
3310 (base 10) to base 15
eaa
What is -10011001000 (base 2) in base 10?
-1224
Convert -2044 (base 7) to base 5.
-10333
What is 495 (base 14) in base 10?
915
Convert -14430 (base 6) to base 14.
-bbc
Convert -774 (base 16) to base 3.
-2121200
Convert -446 (base 10) to base 5.
-3241
Convert -1111101000 (base 2) to base 4.
-33220
Convert -3454 (base 12) to base 15.
-1ad4
What is 1108 (base 11) in base 14?
764
-4211 (base 6) to base 12
-667
Convert 100100100010 (base 2) to base 3.
10012121
Convert 65aa (base 13) to base 15.
42e7
Convert 2c9 (base 13) to base 4.
13313
Convert 1808 (base 9) to base 4.
111221
Convert -6a (base 11) to base 3.
-2211
What is -7497 (base 11) in base 13?
-4681
236 (base 16) to base 10
566
-100100101 (base 2) to base 15
-148
Convert -1578 (base 10) to base 12.
-ab6
What is 11420 (base 5) in base 10?
860
Convert 205135 (base 6) to base 10.
16691
-13012023 (base 4) to base 9
-43776
6665 (base 8) to base 2
110110110101
What is 134b (base 14) in base 10?
3399
What is 24422 (base 5) in base 12?
10b2
Convert -10011111100110 (base 2) to base 8.
-23746
1c94 (base 14) to base 15
1836
Convert -52 (base 10) to base 16.
-34
Convert -285 (base 11) to base 10.
-335
Convert -2201222022 (base 3) to base 7.
-313136
What is -150654 (base 7) in base 5?
-1413040
What is 1343b (base 13) in base 7?
206413
345 (base 8) to base 14
125
What is 2010211 (base 3) in base 2?
11000011001
What is -427 (base 16) in base 2?
-10000100111
What is 114134 (base 5) in base 9?
5801
-1011111000011001 (base 2) to base 9
-73672
What is 6877 (base 11) in base 8?
21516
120021 (base 8) to base 13
15861
Convert -3506 (base 10) to base 7.
-13136
Convert 2121 (base 5) to base 10.
286
242001 (base 5) to base 16
2329
-1b06 (base 15) to base 8
-13340
What is 1c0 (base 16) in base 11?
378
Convert 24233 (base 5) to base 9.
2440
Convert 210202 (base 5) to base 11.
5228
Convert -3912 (base 16) to base 6.
-151350
Convert 256 (base 16) to base 7.
1513
-5712 (base 14) to base 7
-62022
127 (base 15) to base 2
100000110
-24251 (base 13) to base 5
-4110224
Convert -202402 (base 7) to base 8.
-103302
Convert 330 (base 8) to base 12.
160
Convert -101141 (base 6) to base 13.
-3886
-22220221 (base 3) to base 8
-14551
Convert 1ab (base 12) to base 3.
101012
What is 62 (base 16) in base 12?
82
Convert 1202303 (base 5) to base 13.
a14c
Convert 838 (base 16) to base 13.
c5b
Convert -11100111101001 (base 2) to base 16.
-39e9
-a3c (base 13) to base 9
-2344
-3405 (base 10) to base 2
-110101001101
267 (base 15) to base 10
547
What is -13c9 (base 13) in base 10?
-2869
-1001101100000101 (base 2) to base 9
-60384
-3180 (base 9) to base 10
-2340
-11101011011 (base 2) to base 14
-987
Convert -38a (base 14) to base 11.
-596
What is 1104331 (base 6) in base 7?
320404
Convert 16002 (base 7) to base 12.
26b9
Convert -25b (base 14) to base 13.
-2a5
-7a9 (base 12) to base 7
-3213
What is 1411 (base 5) in base 16?
e7
-8556 (base 10) to base 14
-3192
What is -1002100120 (base 3) in base 9?
-32316
What is -20555 (base 8) in base 16?
-216d
-25151 (base 6) to base 16
-e9b
What is 691 (base 10) in base 11?
579
What is -146060 (base 7) in base 11?
-1a46a
Convert -3bc (base 16) to base 7.
-2534
11bb (base 14) to base 5
44410
What is 151ca (base 13) in base 4?
21233021
What is 36c (base 13) in base 15?
29c
4153 (base 13) to base 12
5281
-666 (base 9) to base 11
-457
-1ba (base 13) to base 10
-322
Convert -1987 (base 12) to base 4.
-300313
What is 68b4 (base 14) in base 6?
220114
What is 211341 (base 5) in base 16?
1bb8
What is -11001111000 (base 2) in base 8?
-3170
-131025 (base 6) to base 7
-46454
What is -2355 (base 9) in base 2?
-11011010111
What is 1713 (base 9) in base 5?
20213
Convert -1122220 (base 3) to base 4.
-102330
What is -4143 (base 6) in base 7?
-2463
-31001 (base 4) to base 5
-11313
Convert -7b52 (base 14) to base 9.
-32357
Convert -1aa (base 12) to base 11.
-22a
What is -177 (base 12) in base 13?
-151
7258 (base 9) to base 14
1d1c
Convert 2b84 (base 13) to base 3.
22201121
Convert -2966 (base 14) to base 3.
-101001221
Convert 13057 (base 8) to base 12.
3353
What is -22165 (base 13) in base 4?
-33011020
Convert 100010100 (base 2) to base 14.
15a
Convert -3c4 (base 14) to base 5.
-11020
Convert 5a0 (base 13) to base 14.
4d9
Convert -11121 (base 5) to base 2.
-1100010010
What is 32001 (base 4) in base 3?
1020020
476 (base 10) to base 5
3401
-48a (base 11) to base 12
-406
Convert -215213 (base 7) to base 12.
-19a92
What is 10424 (base 6) in base 5?
21311
What is -2494 (base 11) in base 12?
-1a69
-b9f (base 16) to base 10
-2975
Convert 2100110 (base 3) to base 6.
11533
Convert 52 (base 13) to base 4.
1003
1cc6 (base 16) to base 8
16306
f42 (base 16) to base 7
14250
343b (base 12) to base 11
43aa
-10245 (base 9) to base 5
-204024
225 (base 15) to base 9
588
Convert 430 (base 5) to base 9.
137
2233 (base 11) to base 2
101101111100
-aab (base 12) to base 7
-4403
1443 (base 14) to base 9
4825
-c81 (base 15) to base 8
-5405
What is -465 (base 7) in base 8?
-363
1592 (base 13) to base 4
301121
Convert -8405 (base 11) to base 14.
-40b7
Convert -2c2b (base 13) to base 4.
-1210323
What is 5310 (base 7) in base 3?
2120020
Convert -1001111101 (base 2) to base 3.
-212121
24358 (base 10) to base 5
1234413
Convert -2332 (base 5) to base 2.
-101010110
Convert 35469 (base 11) to base 8.
143701
Convert -11519 (base 16) to base 8.
-212431
c33 (base 14) to base 6
15033
What is 31646 (base 8) in base 6?
141114
What is 1221 (base 6) in base 10?
301
-10424 (base 5) to base 8
-1343
5a3 (base 14) to base 8
2143
What is -120020 (base 3) in base 9?
-506
What is -38695 (base 11) in base 3?
-2210222220
Convert 3210003 (base 4) to base 3.
202000120
What is 15633 (base 8) in base 3?
100200202
What is 177b4 (base 13) in base 10?
45270
-2a2b (base 13) to base 9
-8351
-368 (base 15) to base 3
-1001122
What is 22054 (base 8) in base 15?
2b25
-304452 (base 6) to base 8
-57460
Convert 17366 (base 8) to base 5.
223201
348c (base 13) to base 8
16327
What is 64 (base 10) in base 11?
59
Convert -202221 (base 3) to base 7.
-1435
Convert -11443 (base 5) to base 12.
-609
What is -592 (base 11) in base 2?
-1011000010
493 (base 10) to base 6
2141
What is -1101001010 (base 2) in base 12?
-5a2
Convert -232 (base 15) to base 8.
-761
214110 (base 5) to base 14
29ad
-39a (base 14) to base 16
-2d4
What is 20121 (base 7) in base 12?
2996
Convert 1ed (base 16) to base 2.
111101101
403 (base 14) to base 11
656
Convert 12a5b (base 15) to base 13.
21242
Convert -1000100110 (base 2) to base 9.
-671
294 (base 10) to base 3
101220
Convert 2505 (base 7) to base 12.
660
What is 1002010 (base 3) in base 16?
312
-546 (base 8) to base 13
-217
What is 15097 (base 11) in base 14?
7b2a
What is 11146 (base 7) in base 10?
2827
10001000000 (base 2) to base 12
768
What is -2202101 (base 3) in base 6?
-13144
13e (base 15) to base 2
100011100
-17a15 (base 13) to base 15
-d7d3
3154 (base 6) to base 3
222121
What is -107 (base 12) in base 8?
-227
-102021100 (base 3) to base 4
-2000121
410113 (base 5) to base 14
4b1c
What is -1102011 (base 3) in base 5?
-13110
Convert 1525 (base 7) to base 15.
2a7
What is 5b4 (base 14) in base 11?
945
-1416 (base 11) to base 14
-94c
45204 (base 7) to base 2
10110010011101
Convert -106 (base 13) to base 8.
-257
Convert -20266 (base 7) to base 3.
-20210021
What is 111111 (base 2) in base 10?
63
Convert 26 (base 16) to base 11.
35
What is 1110100101 (base 2) in base 8?
1645
ddc (base 14) to base 6
20410
What is -1e4 (base 16) in base 10?
-484
What is -2bc1 (base 15) in base 6?
-111314
What is 1021a (base 12) in base 16?
5236
4aab (base 14) to base 2
11001100011111
1207 (base 10) to base 8
2267
What is -3515 (base 7) in base 11?
-a6a
1361 (base 15) to base 5
113031
-10243 (base 5) to base 8
-1272
Convert -2b3 (base 16) to base 11.
-579
-160402 (base 8) to base 11
-3a306
Convert -479 (base 13) to base 3.
-1001202
Convert -19a4 (base 11) to base 12.
-1572
Convert -1211020112 (base 3) to base 12.
-18935
What is 6478 (base 9) in base 10?
4769
-751 (base 8